g) = -20*g + 3. What is f(1)?
-17
Let b(k) = 3*k + 87. Determine b(-25).
12
Let s(x) = -23*x - 3. Determine s(4).
-95
Let p(b) = b**2 - b + 47. Calculate p(0).
47
Let a(m) = -14*m**2 - 36*m - 15. Determine a(-2).
1
Let i(l) = -l**2 - 92*l - 512. What is i(-6)?
4
Let c(k) = 2*k**2 + 6*k + 2. Determine c(-4).
10
Let n(t) = -t + 13. What is n(5)?
8
Let x(s) = 19*s - 134. Calculate x(5).
-39
Let d(l) = -3*l + 30. Calculate d(13).
-9
Let d(f) = 2*f + 25. Give d(-9).
7
Let f(w) = w**3 + 38*w**2 + 36*w - 37. Give f(-37).
0
Let g(x) = -12*x**2 + x - 1. Calculate g(1).
-12
Let u(y) = -2*y**3 - 3*y**2 + 4*y - 1. What is u(-3)?
14
Let b(m) = -2*m + 2. What is b(-6)?
14
Let k(a) = a**2 - 2*a + 4. Calculate k(3).
7
Let j(s) = -8*s**2 + 5*s - 8. Give j(4).
-116
Let c(d) = d**2 + 12*d + 45. Give c(-10).
25
Let p(f) = f**3 - 19*f**2 - 20*f - 8. Determine p(20).
-8
Let h(x) = x**3 - 4*x**2 - 8*x + 5. Calculate h(5).
-10
Let y(q) = 2*q**2 + 13*q + 9. Calculate y(-8).
33
Let w(x) = -x**3 - 7*x**2 - 2*x - 9. Calculate w(-7).
5
Let p(x) = 2*x**2 - 40*x - 18. What is p(20)?
-18
Let r(h) = -h**3 - 7*h**2 - 3*h - 6. What is r(-6)?
-24
Let y(q) = -4*q + 29. Give y(15).
-31
Let d(c) = c**2 + 21*c + 120. Give d(-7).
22
Let l(k) = -5*k**3 - 86*k**2 - 17*k + 2. Give l(-17).
2
Let c(n) = n - 3. Give c(-1).
-4
Let a(h) = -2*h - 3. What is a(-6)?
9
Let v(u) = u**3 + 4*u**2 - 9*u + 20. What is v(-6)?
2
Let a(v) = v**2 + 3*v - 4. Give a(-5).
6
Let y(i) = -15*i + 17. Calculate y(1).
2
Let v(w) = -2*w**3 - 2*w**2 + 39*w + 7. Determine v(-5).
12
Let w(q) = -q**3 + q**2 + 3*q - 3. Determine w(2).
-1
Let u(c) = -341*c + 2040. What is u(6)?
-6
Let h(w) = w**3 - 8*w**2 - 12*w + 18. Calculate h(9).
-9
Let q(n) = n**3 - n**2 + 2*n - 2. Determine q(0).
-2
Let c(q) = 2*q**2 - 16*q - 87. Determine c(12).
9
Let p(w) = 3*w + 23. Determine p(3).
32
Let x(p) = p**2 - 11*p - 12. Determine x(11).
-12
Let h(r) = r**2 - 7*r - 183. What is h(-10)?
-13
Let q(l) = l**3 + 9*l**2 + 16*l + 59. Give q(-8).
-5
Let l(p) = -p**3 - 19*p**2 - 84*p - 41. Calculate l(-6).
-5
Let g(n) = 2*n - 20. Calculate g(7).
-6
Let b(l) = -l**3 + 10*l**2 + 7*l + 37. Calculate b(11).
-7
Let a(j) = -6*j**3 - 6*j**2 - 2*j. Determine a(-2).
28
Let n(h) = h**2 + 7*h - 6. Give n(2).
12
Let q(y) = -2*y**2 - 16*y - 22. What is q(-8)?
-22
Let f(j) = -j**3 - 2*j**2 - j - 6. Give f(-4).
30
Let z(w) = -4*w + 5. Calculate z(8).
-27
Let c(q) = 15*q - 842. Calculate c(55).
-17
Let m(c) = -c**3 + 8*c**2 - 10*c + 16. Calculate m(7).
-5
Let l(r) = 2*r**2 - 20*r - 6. Give l(10).
-6
Let m(t) = 28*t**2 + t - 1. What is m(1)?
28
Let h(x) = 8*x**2 - 2. Give h(-2).
30
Let h(a) = 20*a - 35. Give h(5).
65
Let m(a) = -a**2 - 3*a + 55. Calculate m(6).
1
Let y(s) = s**2 - 43*s + 415. Determine y(14).
9
Let w(r) = 12*r - 137. Calculate w(10).
-17
Let p(l) = l - 1. Determine p(-3).
-4
Let h(a) = -7*a + 190. Determine h(25).
15
Let g(i) = i**3 - 8*i**2 + 5*i + 7. Determine g(7).
-7
Let s(c) = -c**2 + 10*c - 11. Determine s(2).
5
Let d(t) = 21*t - 13. Calculate d(1).
8
Let i(x) = x**3 + 7*x**2 - 9*x - 11. Calculate i(-8).
-3
Let r(l) = 7*l - 7. Give r(-4).
-35
Let a(h) = -h**2 + 6*h + 77. Give a(-6).
5
Let p(r) = r**2 - 18*r + 13. Give p(17).
-4
Let y(v) = v**3 - 6*v**2 - 2*v - 5. Give y(5).
-40
Let f(g) = g**2 + 2. What is f(-3)?
11
Let c(m) = -3*m**2 + 2*m. Determine c(-2).
-16
Let q(z) = -z**2 + 18*z - 41. Calculate q(17).
-24
Let u(j) = -42*j - 39. Give u(-5).
171
Let a(o) = -o**2 - 8*o + 2. Calculate a(-5).
17
Let h(c) = c**2 + 2*c - 11. Give h(-3).
-8
Let t(f) = -9*f + 77. Give t(8).
5
Let j(x) = x**3 - 27*x**2 + 56*x - 10. Give j(25).
140
Let l(k) = -k - 1. Determine l(-5).
4
Let a(x) = -12*x**2 - 13*x - 4. Determine a(-2).
-26
Let p(d) = 9*d + 78. Calculate p(-9).
-3
Let q(r) = -5*r - 2. Determine q(1).
-7
Let v(m) = -4*m**2 + 4*m - 10. What is v(4)?
-58
Let j(b) = -b**2 - 29*b + 206. Calculate j(-35).
-4
Let c(n) = -n**2 - 14*n - 24. Determine c(-2).
0
Let i(k) = 5*k - 27. What is i(6)?
3
Let m(c) = 2*c**3 + 6*c**2 + 4*c - 2. Calculate m(0).
-2
Let y(t) = -2*t + 7. Determine y(7).
-7
Let r(n) = 5*n + 41. Determine r(4).
61
Let d(u) = -8*u - 1. Determine d(-2).
15
Let q(u) = u**3 + 4*u**2 + u + 3. Determine q(-6).
-75
Let w(m) = 21*m - 53. Calculate w(3).
10
Let z(d) = -9*d**3 - 2*d**2 - 1. Give z(2).
-81
Let r(y) = -y**2 + 4*y + 10. Give r(9).
-35
Let g(v) = -v - 2. What is g(1)?
-3
Let z(p) = p**2 - 12*p + 12. What is z(9)?
-15
Let u(g) = g**2 + 23*g + 27. Determine u(-22).
5
Let q(p) = -4*p**2 - 8*p + 8. What is q(-5)?
-52
Let c(v) = -v**3 - 2*v**2 - 20. What is c(0)?
-20
Let j(m) = -m**3 + 14*m**2 - 43*m - 13. Determine j(5).
-3
Let h(c) = 55*c**2 - 2*c + 1. What is h(1)?
54
Let r(p) = -2*p - 4. Give r(4).
-12
Let y(f) = 3*f**3 - 22*f**2 + 4*f + 36. Determine y(7).
15
Let p(f) = f**3 - 21*f**2 + 20*f - 2. Give p(20).
-2
Let t(a) = a**3 + 10*a**2 - 11*a + 21. Give t(-11).
21
Let s(a) = -a + 19. Give s(14).
5
Let k(p) = 5*p + 6. Determine k(-12).
-54
Let k(l) = l**2 - 31*l - 102. Calculate k(34).
0
Let w(d) = 10*d**2 - 1. Give w(-1).
9
Let x(i) = -4*i - 33. Determine x(2).
-41
Let h(m) = -3*m**2 + 4*m + 32. Determine h(-3).
-7
Let m(d) = -d**3 + 9*d**2 + 8*d + 1. Calculate m(10).
-19
Let i(d) = -2*d - 19. Calculate i(-3).
-13
Let s(w) = -w**3 - 20*w**2 - 89*w + 22. What is s(-13)?
-4
Let y(k) = k**3 + 4*k**2 + 4*k + 1. Calculate y(-2).
1
Let m(h) = -h - 42. Calculate m(19).
-61
Let l(u) = 5*u - 2. Give l(1).
3
Let c(w) = 107*w - 319. Determine c(3).
2
Let l(q) = q**2 - 2*q. What is l(-5)?
35
Let v(r) = -r + 6. What is v(-5)?
11
Let u(m) = m**2 - 23*m - 248. What is u(-8)?
0
Let g(u) = u**2 + 13*u - 6. Give g(-13).
-6
Let r(i) = 34*i + 27. Determine r(2).
95
Let n(b) = b**3 - 21*b**2 + 18*b + 45. Determine n(20).
5
Let p(b) = -2*b**2 - 1. Calculate p(-2).
-9
Let b(x) = 35*x**2 - 6*x + 2. Determine b(2).
130
Let x(o) = o**2 + 15*o - 8. What is x(-14)?
-22
Let y(n) = 30*n**2 + 148*n + 9. Calculate y(-5).
19
Let z(w) = 2*w**3 - 10*w**2 + 4*w - 1. Calculate z(4).
-17
Let n(z) = z**2 - 10*z + 3. Give n(11).
14
Let z(k) = -k - 1. Give z(-2).
1
Let o(q) = q**3 - 6*q**2 + 3. What is o(6)?
3
Let h(r) = -r**3 + 12*r**2 + 43*r + 19. Give h(15).
-11
Let v(g) = g**2 - 19*g + 25. Give v(18).
7
Let h(z) = -z**2 - 17*z + 6. What is h(-18)?
-12
Let f(z) = z - 8. What is f(-5)?
-13
Let f(a) = a**2 + 11*a - 32. What is f(-12)?
-20
Let g(x) = 13*x + 281. Calculate g(-22).
-5
Let k(r) = -r**3 + 4*r**2 + 8*r - 7. What is k(5)?
8
Let r(i) = i**3 + 11*i**2 + 28*i + 27. Give r(-8).
-5
Let y(o) = o**3 + 9*o**2 - 10*o - 13. What is y(-10)?
-13
Let c(w) = 2*w**2 + 24*w + 6. What is c(-12)?
6
Let i(o) = 9*o - 5. Give i(2).
13
Let j(p) = p**3 - 7*p**2 - 3*p + 10. Calculate j(7).
-11
Let u(v) = -v**3 - 7*v**2 - 4*v - 4. Calculate u(-6).
-16
Let b(h) = h**3 + 16*h**2 - 16*h + 22. What is b(-17)?
5
Let w(u) = u**3 - u - 12. Calculate w(0).
-12
Let l(f) = f**3 + 15*f**2 + f - 2. What is l(-15)?
-17
Let y(t) = t**2 - 17*t + 45. What is y(14)?
3
Let z(s) = s**2 + 8*s + 7. Give z(-7).
0
Let k(y) = 15*y + 1. What is k(2)?
31
Let z(j) = -3*j**2 - 47*j - 33. What is z(-15)?
-3
Let b(y) = -7*y. Determine b(2).
-14
Let i(l) = l - 6. What is i(14)?
8
Let n(p) = 18*p**2 + 2*p + 1. Determine n(-1).
17
Let c(q) = q**3 - 17*q**2 - 19*q + 20. Determine c(18).
2
Let c(p) = p**3 + 24*p**2 - 25*p - 9. What is c(-25)?
-9
Let f(w) = w**3 - 5*w**2 - 6*w + 1. Determine f(6).
1
Let k(i) = i**2 - 2*i + 4. Give k(-3).
19
Let n(z) = z**3 - 5*z**2 - 17*z + 1. Give n(7).
-20
Let m(x) = 3*x**3 - 75*x**2 - 3*x + 78. Calculate m(25).
3
Let c(x) = -x - 26. What is c(6)?
-32
Let p(r) = -r**2 + 25*r + 205. Calculate p(-7).
-19
Let p(f) = f**3 - 20*f**2 + 20*f - 8. Determine p(19).
11
Let b(i) = -i**3 + 6*i**2 + 8*i + 4. Determine b(7).
11
Let x(q) = 21*q**3 - q**2 - q - 1. Determine x(-1).
-22
Let k(b) = 6*b**2 + 6*b + 8. Give k(-3).
44
Let h(p) = p**3 + 9*p**2 - 4*p + 4. Determine h(-9).
40
Let c(q) = -3*q**2 + 2. Determine c(2).
-10
Let v(r) = -30*r**2 + r + 2. Determine v(-1).
-29
Let h(g) = -g**3 + 3*g**2 - 2*g - 2. What is h(3)?
-8
Let l(s) = -2*s**2 + 22*s - 52. Determine l(7).
4
Let b(q) = -q**2 - 22*q - 34. Calculate b(-20).
6
Let y(t) = 6*t + 139. Calculate y(-16).
43
Let r(d) = d**2 + 6*d - 8. Give